{"id":496,"date":"2018-06-20T12:53:24","date_gmt":"2018-06-20T15:53:24","guid":{"rendered":"https:\/\/cndl.org.br\/forum\/2023\/?page_id=496"},"modified":"2024-01-09T16:38:28","modified_gmt":"2024-01-09T19:38:28","slug":"sobre-o-evento","status":"publish","type":"page","link":"https:\/\/cndl.org.br\/forum\/2023\/sobre-o-evento\/","title":{"rendered":"Sobre o Evento"},"content":{"rendered":"\t\t<div data-elementor-type=\"wp-post\" data-elementor-id=\"496\" class=\"elementor elementor-496\">\n\t\t\t\t\t\t\t\t\t<div class=\"elementor-section elementor-top-section elementor-element elementor-element-58819b7 elementor-section-stretched elementor-section-full_width elementor-section-content-middle elementor-section-height-default elementor-section-height-default\" data-id=\"58819b7\" data-element_type=\"section\" data-settings=\"{&quot;stretch_section&quot;:&quot;section-stretched&quot;,&quot;background_background&quot;:&quot;classic&quot;}\">\n\t\t\t\t\t\t<div class=\"elementor-container elementor-column-gap-no\">\n\t\t\t\t\t<div class=\"elementor-column elementor-col-50 elementor-top-column elementor-element elementor-element-fdd1a6a\" data-id=\"fdd1a6a\" data-element_type=\"column\" data-settings=\"{&quot;background_background&quot;:&quot;classic&quot;}\">\n\t\t\t<div class=\"elementor-widget-wrap elementor-element-populated\">\n\t\t\t\t\t\t\t\t<div class=\"elementor-element elementor-element-c6202a6 elementor-widget elementor-widget-image\" data-id=\"c6202a6\" data-element_type=\"widget\" data-widget_type=\"image.default\">\n\t\t\t\t<div class=\"elementor-widget-container\">\n\t\t\t\t\t\t\t\t\t\t\t\t\t\t\t<img decoding=\"async\" width=\"2161\" height=\"2701\" src=\"https:\/\/cndl.org.br\/forum\/2023\/wp-content\/uploads\/2022\/10\/VISUAL-VIFORUM.png\" class=\"attachment-full size-full wp-image-3192\" alt=\"\" loading=\"lazy\" srcset=\"https:\/\/cndl.org.br\/forum\/2023\/wp-content\/uploads\/2022\/10\/VISUAL-VIFORUM.png 2161w, https:\/\/cndl.org.br\/forum\/2023\/wp-content\/uploads\/2022\/10\/VISUAL-VIFORUM-240x300.png 240w, https:\/\/cndl.org.br\/forum\/2023\/wp-content\/uploads\/2022\/10\/VISUAL-VIFORUM-819x1024.png 819w, https:\/\/cndl.org.br\/forum\/2023\/wp-content\/uploads\/2022\/10\/VISUAL-VIFORUM-1229x1536.png 1229w, https:\/\/cndl.org.br\/forum\/2023\/wp-content\/uploads\/2022\/10\/VISUAL-VIFORUM-1639x2048.png 1639w, https:\/\/cndl.org.br\/forum\/2023\/wp-content\/uploads\/2022\/10\/VISUAL-VIFORUM-600x750.png 600w\" sizes=\"(max-width: 2161px) 100vw, 2161px\" \/>\t\t\t\t\t\t\t\t\t\t\t\t\t\t\t<\/div>\n\t\t\t\t<\/div>\n\t\t\t\t\t<\/div>\n\t\t<\/div>\n\t\t\t\t<div class=\"elementor-column elementor-col-50 elementor-top-column elementor-element elementor-element-a48b398\" data-id=\"a48b398\" data-element_type=\"column\">\n\t\t\t<div class=\"elementor-widget-wrap elementor-element-populated\">\n\t\t\t\t\t\t\t\t<div class=\"elementor-element elementor-element-6097e09 elementor-widget elementor-widget-rt-text-with-title\" data-id=\"6097e09\" data-element_type=\"widget\" data-widget_type=\"rt-text-with-title.default\">\n\t\t\t\t<div class=\"elementor-widget-container\">\n\t\t\t<div class=\"rt-el-twt-2 rtin-light\">\r\n\t\t\t<h2 class=\"rtin-title title-black\">VI F\u00f3rum Nacional do Com\u00e9rcio<\/h2>\r\n\t\t<div class=\"rtin-content\"><h4><strong>Protagonistas no desenvolvimento do Brasil<\/strong><\/h4><p>O Sistema CNDL vai se reunir mais uma vez com os principais representantes do poder p\u00fablico para debater as propostas que apontam para o desenvolvimento do setor de com\u00e9rcio e servi\u00e7os.<\/p><p>O <strong>VI F\u00f3rum Nacional do Com\u00e9rcio<\/strong>, evento realizado pela Confedera\u00e7\u00e3o Nacional de Dirigentes Lojistas (CNDL) desde 2013, completa uma d\u00e9cada promovendo o di\u00e1logo construtivo entre o setor empresarial e os principais atores pol\u00edticos nacionais.<\/p><p>Novamente, o evento receber\u00e1 l\u00edderes, especialistas e autoridades para construir caminhos e analisar perspectivas para o setor que mais cresceu no Brasil nos \u00faltimos anos e que agora, mais do que nunca, deve ser ouvido.<\/p><p>O evento acontecer\u00e1 no Hotel Royal Tulip Alvorada, em Bras\u00edlia, nos dias 24 e 25 de outubro de 2023, no formato h\u00edbrido: presencial (vagas limitadas) e com ampla transmiss\u00e3o por meio das redes sociais oficiais da CNDL.<\/p><\/div>\r\n\t<\/div>\t\t<\/div>\n\t\t\t\t<\/div>\n\t\t\t\t\t<\/div>\n\t\t<\/div>\n\t\t\t\t\t\t\t<\/div>\n\t\t<\/div>\n\t\t\t\t<section class=\"elementor-section elementor-top-section elementor-element elementor-element-6c3dcf5 elementor-section-full_width elementor-section-height-default elementor-section-height-default\" data-id=\"6c3dcf5\" data-element_type=\"section\" data-settings=\"{&quot;background_background&quot;:&quot;classic&quot;}\">\n\t\t\t\t\t\t<div class=\"elementor-container elementor-column-gap-default\">\n\t\t\t\t\t<div class=\"elementor-column elementor-col-100 elementor-top-column elementor-element elementor-element-a45a133\" data-id=\"a45a133\" data-element_type=\"column\">\n\t\t\t<div class=\"elementor-widget-wrap elementor-element-populated\">\n\t\t\t\t\t\t\t\t<div class=\"elementor-element elementor-element-ff94bb5 elementor-widget elementor-widget-heading\" data-id=\"ff94bb5\" data-element_type=\"widget\" data-widget_type=\"heading.default\">\n\t\t\t\t<div class=\"elementor-widget-container\">\n\t\t\t<h3 class=\"elementor-heading-title elementor-size-default\">Com\u00e9rcio e servi\u00e7os: protagonistas do desenvolvimento brasileiro<\/h3>\t\t<\/div>\n\t\t\t\t<\/div>\n\t\t\t\t<div class=\"elementor-element elementor-element-4ef07a7 elementor-widget elementor-widget-text-editor\" data-id=\"4ef07a7\" data-element_type=\"widget\" data-widget_type=\"text-editor.default\">\n\t\t\t\t<div class=\"elementor-widget-container\">\n\t\t\t\t\t\t\t<p>Nos pa\u00edses desenvolvidos, o setor de com\u00e9rcio e servi\u00e7os ocupa lugar de destaque na economia. \u00c9 o ramo que concentra a maior parte da gera\u00e7\u00e3o de empregos e que depende menos de outros setores. Portanto, \u00e9 um setor primordial para a sa\u00fade econ\u00f4mica de qualquer na\u00e7\u00e3o.<\/p>\n<p>No Brasil esse quadro n\u00e3o \u00e9 diferente. Aqui o setor representa 73% do Produto Interno Bruto (PIB), o que equivale a R$ 4,137 trilh\u00f5es. \u00c9 respons\u00e1vel por 77% das empresas ativas e gera 57% dos postos de trabalho.<\/p>\n<p>Institucionalmente, o setor est\u00e1 cada dia mais forte. Sua representatividade est\u00e1 presente em grupos pol\u00edticos organizados como a FCS \u2013 Frente Parlamentar de Com\u00e9rcio e Servi\u00e7os e em entidades do setor privado com estruturas de grande capilaridade, como a UNECS \u2013 Uni\u00e3o Nacional das Entidades de Com\u00e9rcio e Servi\u00e7os.<\/p>\n<p>N\u00e3o por acaso, durante a pandemia, o varejo brasileiro mostrou resili\u00eancia, capacidade de recupera\u00e7\u00e3o e de organiza\u00e7\u00e3o, participando ativamente na elabora\u00e7\u00e3o de pol\u00edticas p\u00fablicas emergenciais para supera\u00e7\u00e3o das turbul\u00eancias econ\u00f4micas e sociais.<\/p>\n<p>\u00c9 nesse contexto que ocorrer\u00e1 o VI F\u00f3rum Nacional do Com\u00e9rcio, momento em que o setor estar\u00e1 reunido para exercer seu protagonismo no desenvolvimento do Brasil.<\/p>\t\t\t\t\t\t<\/div>\n\t\t\t\t<\/div>\n\t\t\t\t\t<\/div>\n\t\t<\/div>\n\t\t\t\t\t\t\t<\/div>\n\t\t<\/section>\n\t\t\t\t<div class=\"elementor-section elementor-top-section elementor-element elementor-element-0a8a741 elementor-section-boxed elementor-section-height-default elementor-section-height-default\" data-id=\"0a8a741\" data-element_type=\"section\">\n\t\t\t\t\t\t<div class=\"elementor-container elementor-column-gap-default\">\n\t\t\t\t\t<div class=\"elementor-column elementor-col-100 elementor-top-column elementor-element elementor-element-c766fbf\" data-id=\"c766fbf\" data-element_type=\"column\">\n\t\t\t<div class=\"elementor-widget-wrap elementor-element-populated\">\n\t\t\t\t\t\t\t\t<div class=\"elementor-element elementor-element-3243f7f elementor-widget elementor-widget-image\" data-id=\"3243f7f\" data-element_type=\"widget\" data-widget_type=\"image.default\">\n\t\t\t\t<div class=\"elementor-widget-container\">\n\t\t\t\t\t\t\t\t\t\t\t\t\t\t\t<img decoding=\"async\" width=\"2500\" height=\"839\" src=\"https:\/\/cndl.org.br\/forum\/2023\/wp-content\/uploads\/2023\/10\/regua-vertical-de-Patrocinio-RGB.png\" class=\"attachment-full size-full wp-image-4385\" alt=\"\" loading=\"lazy\" srcset=\"https:\/\/cndl.org.br\/forum\/2023\/wp-content\/uploads\/2023\/10\/regua-vertical-de-Patrocinio-RGB.png 2500w, https:\/\/cndl.org.br\/forum\/2023\/wp-content\/uploads\/2023\/10\/regua-vertical-de-Patrocinio-RGB-300x101.png 300w, https:\/\/cndl.org.br\/forum\/2023\/wp-content\/uploads\/2023\/10\/regua-vertical-de-Patrocinio-RGB-1024x344.png 1024w, https:\/\/cndl.org.br\/forum\/2023\/wp-content\/uploads\/2023\/10\/regua-vertical-de-Patrocinio-RGB-1536x515.png 1536w, https:\/\/cndl.org.br\/forum\/2023\/wp-content\/uploads\/2023\/10\/regua-vertical-de-Patrocinio-RGB-2048x687.png 2048w, https:\/\/cndl.org.br\/forum\/2023\/wp-content\/uploads\/2023\/10\/regua-vertical-de-Patrocinio-RGB-600x201.png 600w\" sizes=\"(max-width: 2500px) 100vw, 2500px\" \/>\t\t\t\t\t\t\t\t\t\t\t\t\t\t\t<\/div>\n\t\t\t\t<\/div>\n\t\t\t\t\t<\/div>\n\t\t<\/div>\n\t\t\t\t\t\t\t<\/div>\n\t\t<\/div>\n\t\t\t\t<div class=\"elementor-section elementor-top-section elementor-element elementor-element-aa7b78f elementor-section-stretched elementor-section-full_width elementor-section-height-default elementor-section-height-default\" data-id=\"aa7b78f\" data-element_type=\"section\" data-settings=\"{&quot;stretch_section&quot;:&quot;section-stretched&quot;,&quot;background_background&quot;:&quot;classic&quot;}\">\n\t\t\t\t\t\t<div class=\"elementor-container elementor-column-gap-no\">\n\t\t\t\t\t<div class=\"elementor-column elementor-col-100 elementor-top-column elementor-element elementor-element-90efd3b\" data-id=\"90efd3b\" data-element_type=\"column\">\n\t\t\t<div class=\"elementor-widget-wrap elementor-element-populated\">\n\t\t\t\t\t\t\t\t<div class=\"elementor-element elementor-element-55ed2ed elementor-widget elementor-widget-text-editor\" data-id=\"55ed2ed\" data-element_type=\"widget\" data-widget_type=\"text-editor.default\">\n\t\t\t\t<div class=\"elementor-widget-container\">\n\t\t\t\t\t\t\t<iframe src=\"https:\/\/www.google.com\/maps\/embed?pb=!1m18!1m12!1m3!1d7678.7123782330855!2d-47.83058746985582!3d-15.785161722394738!2m3!1f0!2f0!3f0!3m2!1i1024!2i768!4f13.1!3m3!1m2!1s0x935a3cbc400e9f7d%3A0xb49be66b2572c9e!2sRoyal%20Tulip%20Bras%C3%ADlia%20Alvorada!5e0!3m2!1spt-BR!2sbr!4v1665173991293!5m2!1spt-BR!2sbr\" width=\"600\" height=\"450\" style=\"border:0;\" allowfullscreen=\"\" loading=\"lazy\" referrerpolicy=\"no-referrer-when-downgrade\"><\/iframe>\t\t\t\t\t\t<\/div>\n\t\t\t\t<\/div>\n\t\t\t\t\t<\/div>\n\t\t<\/div>\n\t\t\t\t\t\t\t<\/div>\n\t\t<\/div>\n\t\t\t\t\t\t\t<\/div>\n\t\t","protected":false},"excerpt":{"rendered":"<p>VI F\u00f3rum Nacional do Com\u00e9rcio Protagonistas no desenvolvimento do Brasil O Sistema CNDL vai se reunir mais uma vez com os principais representantes do poder p\u00fablico para debater as propostas que apontam para o desenvolvimento do setor de com\u00e9rcio e servi\u00e7os. O VI F\u00f3rum Nacional do Com\u00e9rcio, evento realizado pela Confedera\u00e7\u00e3o Nacional de Dirigentes Lojistas&#8230;<\/p>\n","protected":false},"author":1,"featured_media":0,"parent":0,"menu_order":0,"comment_status":"closed","ping_status":"closed","template":"","meta":{"_uag_custom_page_level_css":""},"uagb_featured_image_src":{"full":false,"thumbnail":false,"medium":false,"medium_large":false,"large":false,"1536x1536":false,"2048x2048":false,"eventalk-size1":false,"eventalk-size2":false,"eventalk-size3":false,"eventalk-size4":false,"eventalk-size5":false,"eventalk-size6":false,"eventalk-size7":false,"eventalk-size8":false,"eventalk-size9":false,"eventalk-size10":false,"woocommerce_thumbnail":false,"woocommerce_single":false,"woocommerce_gallery_thumbnail":false},"uagb_author_info":{"display_name":"onsize","author_link":"https:\/\/cndl.org.br\/forum\/2023\/author\/onsize\/"},"uagb_comment_info":0,"uagb_excerpt":"VI F\u00f3rum Nacional do Com\u00e9rcio Protagonistas no desenvolvimento do Brasil O Sistema CNDL vai se reunir mais uma vez com os principais representantes do poder p\u00fablico para debater as propostas que apontam para o desenvolvimento do setor de com\u00e9rcio e servi\u00e7os. O VI F\u00f3rum Nacional do Com\u00e9rcio, evento realizado pela Confedera\u00e7\u00e3o Nacional de Dirigentes Lojistas...","_links":{"self":[{"href":"https:\/\/cndl.org.br\/forum\/2023\/wp-json\/wp\/v2\/pages\/496"}],"collection":[{"href":"https:\/\/cndl.org.br\/forum\/2023\/wp-json\/wp\/v2\/pages"}],"about":[{"href":"https:\/\/cndl.org.br\/forum\/2023\/wp-json\/wp\/v2\/types\/page"}],"author":[{"embeddable":true,"href":"https:\/\/cndl.org.br\/forum\/2023\/wp-json\/wp\/v2\/users\/1"}],"replies":[{"embeddable":true,"href":"https:\/\/cndl.org.br\/forum\/2023\/wp-json\/wp\/v2\/comments?post=496"}],"version-history":[{"count":77,"href":"https:\/\/cndl.org.br\/forum\/2023\/wp-json\/wp\/v2\/pages\/496\/revisions"}],"predecessor-version":[{"id":4491,"href":"https:\/\/cndl.org.br\/forum\/2023\/wp-json\/wp\/v2\/pages\/496\/revisions\/4491"}],"wp:attachment":[{"href":"https:\/\/cndl.org.br\/forum\/2023\/wp-json\/wp\/v2\/media?parent=496"}],"curies":[{"name":"wp","href":"https:\/\/api.w.org\/{rel}","templated":true}]}}

<div data-elementor-type="wp-post" data-elementor-id="496" class="elementor elementor-496">
									<div class="elementor-section elementor-top-section elementor-element elementor-element-58819b7 elementor-section-stretched elementor-section-full_width elementor-section-content-middle elementor-section-height-default elementor-section-height-default" data-id="58819b7" data-element_type="section" data-settings="{&quot;stretch_section&quot;:&quot;section-stretched&quot;,&quot;background_background&quot;:&quot;classic&quot;}">
						<div class="elementor-container elementor-column-gap-no">
					<div class="elementor-column elementor-col-50 elementor-top-column elementor-element elementor-element-fdd1a6a" data-id="fdd1a6a" data-element_type="column" data-settings="{&quot;background_background&quot;:&quot;classic&quot;}">
			<div class="elementor-widget-wrap elementor-element-populated">
								<div class="elementor-element elementor-element-c6202a6 elementor-widget elementor-widget-image" data-id="c6202a6" data-element_type="widget" data-widget_type="image.default">
				<div class="elementor-widget-container">
															<img decoding="async" width="2161" height="2701" src="https://cndl.org.br/forum/2023/wp-content/uploads/2022/10/VISUAL-VIFORUM.png" class="attachment-full size-full wp-image-3192" alt="" loading="lazy" srcset="https://cndl.org.br/forum/2023/wp-content/uploads/2022/10/VISUAL-VIFORUM.png 2161w, https://cndl.org.br/forum/2023/wp-content/uploads/2022/10/VISUAL-VIFORUM-240x300.png 240w, https://cndl.org.br/forum/2023/wp-content/uploads/2022/10/VISUAL-VIFORUM-819x1024.png 819w, https://cndl.org.br/forum/2023/wp-content/uploads/2022/10/VISUAL-VIFORUM-1229x1536.png 1229w, https://cndl.org.br/forum/2023/wp-content/uploads/2022/10/VISUAL-VIFORUM-1639x2048.png 1639w, https://cndl.org.br/forum/2023/wp-content/uploads/2022/10/VISUAL-VIFORUM-600x750.png 600w" sizes="(max-width: 2161px) 100vw, 2161px" />															</div>
				</div>
					</div>
		</div>
				<div class="elementor-column elementor-col-50 elementor-top-column elementor-element elementor-element-a48b398" data-id="a48b398" data-element_type="column">
			<div class="elementor-widget-wrap elementor-element-populated">
								<div class="elementor-element elementor-element-6097e09 elementor-widget elementor-widget-rt-text-with-title" data-id="6097e09" data-element_type="widget" data-widget_type="rt-text-with-title.default">
				<div class="elementor-widget-container">
			<div class="rt-el-twt-2 rtin-light">
			<h2 class="rtin-title title-black">VI Fórum Nacional do Comércio</h2>
		<div class="rtin-content"><h4><strong>Protagonistas no desenvolvimento do Brasil</strong></h4><p>O Sistema CNDL vai se reunir mais uma vez com os principais representantes do poder público para debater as propostas que apontam para o desenvolvimento do setor de comércio e serviços.</p><p>O <strong>VI Fórum Nacional do Comércio</strong>, evento realizado pela Confederação Nacional de Dirigentes Lojistas (CNDL) desde 2013, completa uma década promovendo o diálogo construtivo entre o setor empresarial e os principais atores políticos nacionais.</p><p>Novamente, o evento receberá líderes, especialistas e autoridades para construir caminhos e analisar perspectivas para o setor que mais cresceu no Brasil nos últimos anos e que agora, mais do que nunca, deve ser ouvido.</p><p>O evento acontecerá no Hotel Royal Tulip Alvorada, em Brasília, nos dias 24 e 25 de outubro de 2023, no formato híbrido: presencial (vagas limitadas) e com ampla transmissão por meio das redes sociais oficiais da CNDL.</p></div>
	</div>		</div>
				</div>
					</div>
		</div>
							</div>
		</div>
				<section class="elementor-section elementor-top-section elementor-element elementor-element-6c3dcf5 elementor-section-full_width elementor-section-height-default elementor-section-height-default" data-id="6c3dcf5" data-element_type="section" data-settings="{&quot;background_background&quot;:&quot;classic&quot;}">
						<div class="elementor-container elementor-column-gap-default">
					<div class="elementor-column elementor-col-100 elementor-top-column elementor-element elementor-element-a45a133" data-id="a45a133" data-element_type="column">
			<div class="elementor-widget-wrap elementor-element-populated">
								<div class="elementor-element elementor-element-ff94bb5 elementor-widget elementor-widget-heading" data-id="ff94bb5" data-element_type="widget" data-widget_type="heading.default">
				<div class="elementor-widget-container">
			<h3 class="elementor-heading-title elementor-size-default">Comércio e serviços: protagonistas do desenvolvimento brasileiro</h3>		</div>
				</div>
				<div class="elementor-element elementor-element-4ef07a7 elementor-widget elementor-widget-text-editor" data-id="4ef07a7" data-element_type="widget" data-widget_type="text-editor.default">
				<div class="elementor-widget-container">
							<p>Nos países desenvolvidos, o setor de comércio e serviços ocupa lugar de destaque na economia. É o ramo que concentra a maior parte da geração de empregos e que depende menos de outros setores. Portanto, é um setor primordial para a saúde econômica de qualquer nação.</p>
<p>No Brasil esse quadro não é diferente. Aqui o setor representa 73% do Produto Interno Bruto (PIB), o que equivale a R$ 4,137 trilhões. É responsável por 77% das empresas ativas e gera 57% dos postos de trabalho.</p>
<p>Institucionalmente, o setor está cada dia mais forte. Sua representatividade está presente em grupos políticos organizados como a FCS – Frente Parlamentar de Comércio e Serviços e em entidades do setor privado com estruturas de grande capilaridade, como a UNECS – União Nacional das Entidades de Comércio e Serviços.</p>
<p>Não por acaso, durante a pandemia, o varejo brasileiro mostrou resiliência, capacidade de recuperação e de organização, participando ativamente na elaboração de políticas públicas emergenciais para superação das turbulências econômicas e sociais.</p>
<p>É nesse contexto que ocorrerá o VI Fórum Nacional do Comércio, momento em que o setor estará reunido para exercer seu protagonismo no desenvolvimento do Brasil.</p>						</div>
				</div>
					</div>
		</div>
							</div>
		</section>
				<div class="elementor-section elementor-top-section elementor-element elementor-element-0a8a741 elementor-section-boxed elementor-section-height-default elementor-section-height-default" data-id="0a8a741" data-element_type="section">
						<div class="elementor-container elementor-column-gap-default">
					<div class="elementor-column elementor-col-100 elementor-top-column elementor-element elementor-element-c766fbf" data-id="c766fbf" data-element_type="column">
			<div class="elementor-widget-wrap elementor-element-populated">
								<div class="elementor-element elementor-element-3243f7f elementor-widget elementor-widget-image" data-id="3243f7f" data-element_type="widget" data-widget_type="image.default">
				<div class="elementor-widget-container">
															<img decoding="async" width="2500" height="839" src="https://cndl.org.br/forum/2023/wp-content/uploads/2023/10/regua-vertical-de-Patrocinio-RGB.png" class="attachment-full size-full wp-image-4385" alt="" loading="lazy" srcset="https://cndl.org.br/forum/2023/wp-content/uploads/2023/10/regua-vertical-de-Patrocinio-RGB.png 2500w, https://cndl.org.br/forum/2023/wp-content/uploads/2023/10/regua-vertical-de-Patrocinio-RGB-300x101.png 300w, https://cndl.org.br/forum/2023/wp-content/uploads/2023/10/regua-vertical-de-Patrocinio-RGB-1024x344.png 1024w, https://cndl.org.br/forum/2023/wp-content/uploads/2023/10/regua-vertical-de-Patrocinio-RGB-1536x515.png 1536w, https://cndl.org.br/forum/2023/wp-content/uploads/2023/10/regua-vertical-de-Patrocinio-RGB-2048x687.png 2048w, https://cndl.org.br/forum/2023/wp-content/uploads/2023/10/regua-vertical-de-Patrocinio-RGB-600x201.png 600w" sizes="(max-width: 2500px) 100vw, 2500px" />															</div>
				</div>
					</div>
		</div>
							</div>
		</div>
				<div class="elementor-section elementor-top-section elementor-element elementor-element-aa7b78f elementor-section-stretched elementor-section-full_width elementor-section-height-default elementor-section-height-default" data-id="aa7b78f" data-element_type="section" data-settings="{&quot;stretch_section&quot;:&quot;section-stretched&quot;,&quot;background_background&quot;:&quot;classic&quot;}">
						<div class="elementor-container elementor-column-gap-no">
					<div class="elementor-column elementor-col-100 elementor-top-column elementor-element elementor-element-90efd3b" data-id="90efd3b" data-element_type="column">
			<div class="elementor-widget-wrap elementor-element-populated">
								<div class="elementor-element elementor-element-55ed2ed elementor-widget elementor-widget-text-editor" data-id="55ed2ed" data-element_type="widget" data-widget_type="text-editor.default">
				<div class="elementor-widget-container">
							<iframe src="https://www.google.com/maps/embed?pb=!1m18!1m12!1m3!1d7678.7123782330855!2d-47.83058746985582!3d-15.785161722394738!2m3!1f0!2f0!3f0!3m2!1i1024!2i768!4f13.1!3m3!1m2!1s0x935a3cbc400e9f7d%3A0xb49be66b2572c9e!2sRoyal%20Tulip%20Bras%C3%ADlia%20Alvorada!5e0!3m2!1spt-BR!2sbr!4v1665173991293!5m2!1spt-BR!2sbr" width="600" height="450" style="border:0;" allowfullscreen="" loading="lazy" referrerpolicy="no-referrer-when-downgrade"></iframe>						</div>
				</div>
					</div>
		</div>
							</div>
		</div>
							</div>

<p>VI Fórum Nacional do Comércio Protagonistas no desenvolvimento do Brasil O Sistema CNDL vai se reunir mais uma vez com os principais representantes do poder público para debater as propostas que apontam para o desenvolvimento do setor de comércio e serviços. O VI Fórum Nacional do Comércio, evento realizado pela Confederação Nacional de Dirigentes Lojistas&#8230;</p>

VI Fórum Nacional do Comércio Protagonistas no desenvolvimento do Brasil O Sistema CNDL vai se reunir mais uma vez com os principais representantes do poder público para debater as propostas que apontam para o desenvolvimento do setor de comércio e serviços. O VI Fórum Nacional do Comércio, evento realizado pela Confederação Nacional de Dirigentes Lojistas...
