{"id":496,"date":"2018-06-20T12:53:24","date_gmt":"2018-06-20T15:53:24","guid":{"rendered":"https:\/\/cndl.org.br\/forum\/2023\/?page_id=496"},"modified":"2025-07-16T15:28:18","modified_gmt":"2025-07-16T18:28:18","slug":"sobre-o-evento","status":"publish","type":"page","link":"https:\/\/cndl.org.br\/forum\/sobre-o-evento\/","title":{"rendered":"Sobre o Evento"},"content":{"rendered":"\t\t<div data-elementor-type=\"wp-post\" data-elementor-id=\"496\" class=\"elementor elementor-496\">\n\t\t\t\t\t\t\t\t\t<div class=\"elementor-section elementor-top-section elementor-element elementor-element-58819b7 elementor-section-stretched elementor-section-full_width elementor-section-content-middle elementor-section-height-default elementor-section-height-default\" data-id=\"58819b7\" data-element_type=\"section\" data-settings=\"{&quot;stretch_section&quot;:&quot;section-stretched&quot;,&quot;background_background&quot;:&quot;classic&quot;}\">\n\t\t\t\t\t\t<div class=\"elementor-container elementor-column-gap-no\">\n\t\t\t\t\t<div class=\"elementor-column elementor-col-50 elementor-top-column elementor-element elementor-element-fdd1a6a\" data-id=\"fdd1a6a\" data-element_type=\"column\" data-settings=\"{&quot;background_background&quot;:&quot;classic&quot;}\">\n\t\t\t<div class=\"elementor-widget-wrap elementor-element-populated\">\n\t\t\t\t\t\t\t\t<div class=\"elementor-element elementor-element-c6202a6 elementor-widget elementor-widget-image\" data-id=\"c6202a6\" data-element_type=\"widget\" data-widget_type=\"image.default\">\n\t\t\t\t<div class=\"elementor-widget-container\">\n\t\t\t\t\t\t\t\t\t\t\t\t\t\t\t<img loading=\"lazy\" decoding=\"async\" width=\"1080\" height=\"1350\" src=\"https:\/\/cndl.org.br\/forum\/wp-content\/uploads\/2018\/06\/imagem-padrao.png\" class=\"attachment-full size-full wp-image-4501\" alt=\"\" srcset=\"https:\/\/cndl.org.br\/forum\/wp-content\/uploads\/2018\/06\/imagem-padrao.png 1080w, https:\/\/cndl.org.br\/forum\/wp-content\/uploads\/2018\/06\/imagem-padrao-240x300.png 240w, https:\/\/cndl.org.br\/forum\/wp-content\/uploads\/2018\/06\/imagem-padrao-819x1024.png 819w, https:\/\/cndl.org.br\/forum\/wp-content\/uploads\/2018\/06\/imagem-padrao-600x750.png 600w\" sizes=\"(max-width: 1080px) 100vw, 1080px\" \/>\t\t\t\t\t\t\t\t\t\t\t\t\t\t\t<\/div>\n\t\t\t\t<\/div>\n\t\t\t\t\t<\/div>\n\t\t<\/div>\n\t\t\t\t<div class=\"elementor-column elementor-col-50 elementor-top-column elementor-element elementor-element-a48b398\" data-id=\"a48b398\" data-element_type=\"column\">\n\t\t\t<div class=\"elementor-widget-wrap elementor-element-populated\">\n\t\t\t\t\t\t\t\t<div class=\"elementor-element elementor-element-6097e09 elementor-widget elementor-widget-rt-text-with-title\" data-id=\"6097e09\" data-element_type=\"widget\" data-widget_type=\"rt-text-with-title.default\">\n\t\t\t\t<div class=\"elementor-widget-container\">\n\t\t\t<div class=\"rt-el-twt-2 rtin-light\">\r\n\t\t\t<h2 class=\"rtin-title title-black\">VII F\u00f3rum Nacional do Com\u00e9rcio<\/h2>\r\n\t\t<div class=\"rtin-content\"><p>O VII F\u00f3rum Nacional do Com\u00e9rcio, promovido pela Confedera\u00e7\u00e3o Nacional de Dirigentes Lojistas (CNDL), acontece nos dias 21 e 22 de outubro de 2025, em Bras\u00edlia, reunindo os principais l\u00edderes empresariais, autoridades p\u00fablicas, especialistas e representantes de entidades nacionais do setor produtivo.<\/p><p>Desde sua primeira edi\u00e7\u00e3o, em 2013, o F\u00f3rum consolidou-se como o mais relevante encontro do setor de Com\u00e9rcio e Servi\u00e7os no Brasil.<\/p><p>Nesta edi\u00e7\u00e3o, o tema central \u2014 \"As novas fronteiras da pol\u00edtica e dos neg\u00f3cios\" \u2014 convida os participantes a refletirem sobre o atual cen\u00e1rio pol\u00edtico-institucional e os espa\u00e7os de di\u00e1logo que se abrem com o fortalecimento do Congresso Nacional.<\/p><p>O objetivo \u00e9 fortalecer a atua\u00e7\u00e3o institucional do setor, gerar conex\u00f5es estrat\u00e9gicas e contribuir com propostas concretas para o desenvolvimento econ\u00f4mico do pa\u00eds.<\/p><\/div>\r\n\t<\/div>\t\t<\/div>\n\t\t\t\t<\/div>\n\t\t\t\t\t<\/div>\n\t\t<\/div>\n\t\t\t\t\t\t\t<\/div>\n\t\t<\/div>\n\t\t\t\t<section class=\"elementor-section elementor-top-section elementor-element elementor-element-6c3dcf5 elementor-section-full_width elementor-section-height-default elementor-section-height-default\" data-id=\"6c3dcf5\" data-element_type=\"section\" data-settings=\"{&quot;background_background&quot;:&quot;classic&quot;}\">\n\t\t\t\t\t\t<div class=\"elementor-container elementor-column-gap-default\">\n\t\t\t\t\t<div class=\"elementor-column elementor-col-100 elementor-top-column elementor-element elementor-element-a45a133\" data-id=\"a45a133\" data-element_type=\"column\">\n\t\t\t<div class=\"elementor-widget-wrap elementor-element-populated\">\n\t\t\t\t\t\t\t\t<div class=\"elementor-element elementor-element-4ef07a7 elementor-widget elementor-widget-text-editor\" data-id=\"4ef07a7\" data-element_type=\"widget\" data-widget_type=\"text-editor.default\">\n\t\t\t\t<div class=\"elementor-widget-container\">\n\t\t\t\t\t\t\t<h4 style=\"text-align: left;\">PAIN\u00c9IS CONFIRMADOS<\/h4><p>Durante os 2 dias de evento, ser\u00e3o debatidos temas estrat\u00e9gicos para o futuro do varejo e dos servi\u00e7os no Brasil, com a participa\u00e7\u00e3o de autoridades, parlamentares, empres\u00e1rios e especialistas de diversas \u00e1reas:<\/p><p><strong>Reforma Tribut\u00e1ria<\/strong><br \/>An\u00e1lise dos impactos da nova estrutura tribut\u00e1ria no setor de com\u00e9rcio e servi\u00e7os.<\/p><p><strong>Legisla\u00e7\u00e3o Trabalhista<\/strong><br \/>Desafios e avan\u00e7os diante das transforma\u00e7\u00f5es nas rela\u00e7\u00f5es de trabalho.<\/p><p><strong>Frentes Parlamentares e UNECS<\/strong><br \/>A articula\u00e7\u00e3o pol\u00edtica e a for\u00e7a da uni\u00e3o das entidades do setor produtivo.<\/p><p><strong>Inova\u00e7\u00e3o e Digitaliza\u00e7\u00e3o<\/strong><br \/>IA, uso de dados e o papel de empresas, governo e reguladores na nova economia digital.<\/p><p><strong>Pol\u00edtica Econ\u00f4mica e Fiscal<\/strong><br \/>Cen\u00e1rios econ\u00f4micos, responsabilidade fiscal e perspectivas para o crescimento.<\/p><p><strong>Cr\u00e9dito e Financiamento<\/strong><br \/>Desafios de acesso ao cr\u00e9dito e solu\u00e7\u00f5es para impulsionar o empreendedorismo.<\/p><hr \/><h4><strong>P\u00daBLICO ESPERADO<\/strong><\/h4><p>O evento reunir\u00e1 mais de 700 participantes, entre:<br \/>\u2022 Empres\u00e1rios e lideran\u00e7as do setor de com\u00e9rcio e servi\u00e7os<br \/>\u2022 Dirigentes de entidades empresariais e cooperativas<br \/>\u2022 Parlamentares e representantes do governo<br \/>\u2022 Profissionais da \u00e1rea econ\u00f4mica, jur\u00eddica e de inova\u00e7\u00e3o<br \/>\u2022 Imprensa especializada<\/p><hr \/><h4><strong>LOCAL DO EVENTO<\/strong><\/h4><p><strong>Hotel Royal Tulip Alvorada<\/strong><br \/>SHTN Trecho 1, Conj. 1B &#8211; Bloco C \u2013 Bras\u00edlia\/DF<\/p>\t\t\t\t\t\t<\/div>\n\t\t\t\t<\/div>\n\t\t\t\t\t<\/div>\n\t\t<\/div>\n\t\t\t\t\t\t\t<\/div>\n\t\t<\/section>\n\t\t\t\t<div class=\"elementor-section elementor-top-section elementor-element elementor-element-0a8a741 elementor-section-boxed elementor-section-height-default elementor-section-height-default\" data-id=\"0a8a741\" data-element_type=\"section\">\n\t\t\t\t\t\t<div class=\"elementor-container elementor-column-gap-default\">\n\t\t\t\t\t<div class=\"elementor-column elementor-col-100 elementor-top-column elementor-element elementor-element-c766fbf\" data-id=\"c766fbf\" data-element_type=\"column\">\n\t\t\t<div class=\"elementor-widget-wrap elementor-element-populated\">\n\t\t\t\t\t\t\t\t<div class=\"elementor-element elementor-element-3243f7f elementor-widget elementor-widget-image\" data-id=\"3243f7f\" data-element_type=\"widget\" data-widget_type=\"image.default\">\n\t\t\t\t<div class=\"elementor-widget-container\">\n\t\t\t\t\t\t\t\t\t\t\t\t\t\t\t<img loading=\"lazy\" decoding=\"async\" width=\"1143\" height=\"220\" src=\"https:\/\/cndl.org.br\/forum\/wp-content\/uploads\/2024\/09\/regua-forum-sistema.jpg\" class=\"attachment-full size-full wp-image-4569\" alt=\"\" srcset=\"https:\/\/cndl.org.br\/forum\/wp-content\/uploads\/2024\/09\/regua-forum-sistema.jpg 1143w, https:\/\/cndl.org.br\/forum\/wp-content\/uploads\/2024\/09\/regua-forum-sistema-300x58.jpg 300w, https:\/\/cndl.org.br\/forum\/wp-content\/uploads\/2024\/09\/regua-forum-sistema-1024x197.jpg 1024w, https:\/\/cndl.org.br\/forum\/wp-content\/uploads\/2024\/09\/regua-forum-sistema-600x115.jpg 600w\" sizes=\"(max-width: 1143px) 100vw, 1143px\" \/>\t\t\t\t\t\t\t\t\t\t\t\t\t\t\t<\/div>\n\t\t\t\t<\/div>\n\t\t\t\t\t<\/div>\n\t\t<\/div>\n\t\t\t\t\t\t\t<\/div>\n\t\t<\/div>\n\t\t\t\t<div class=\"elementor-section elementor-top-section elementor-element elementor-element-aa7b78f elementor-section-stretched elementor-section-full_width elementor-section-height-default elementor-section-height-default\" data-id=\"aa7b78f\" data-element_type=\"section\" data-settings=\"{&quot;stretch_section&quot;:&quot;section-stretched&quot;,&quot;background_background&quot;:&quot;classic&quot;}\">\n\t\t\t\t\t\t<div class=\"elementor-container elementor-column-gap-no\">\n\t\t\t\t\t<div class=\"elementor-column elementor-col-100 elementor-top-column elementor-element elementor-element-90efd3b\" data-id=\"90efd3b\" data-element_type=\"column\">\n\t\t\t<div class=\"elementor-widget-wrap elementor-element-populated\">\n\t\t\t\t\t\t\t\t<div class=\"elementor-element elementor-element-55ed2ed elementor-widget elementor-widget-text-editor\" data-id=\"55ed2ed\" data-element_type=\"widget\" data-widget_type=\"text-editor.default\">\n\t\t\t\t<div class=\"elementor-widget-container\">\n\t\t\t\t\t\t\t<iframe src=\"https:\/\/www.google.com\/maps\/embed?pb=!1m18!1m12!1m3!1d7678.7123782330855!2d-47.83058746985582!3d-15.785161722394738!2m3!1f0!2f0!3f0!3m2!1i1024!2i768!4f13.1!3m3!1m2!1s0x935a3cbc400e9f7d%3A0xb49be66b2572c9e!2sRoyal%20Tulip%20Bras%C3%ADlia%20Alvorada!5e0!3m2!1spt-BR!2sbr!4v1665173991293!5m2!1spt-BR!2sbr\" width=\"600\" height=\"450\" style=\"border:0;\" allowfullscreen=\"\" loading=\"lazy\" referrerpolicy=\"no-referrer-when-downgrade\"><\/iframe>\t\t\t\t\t\t<\/div>\n\t\t\t\t<\/div>\n\t\t\t\t\t<\/div>\n\t\t<\/div>\n\t\t\t\t\t\t\t<\/div>\n\t\t<\/div>\n\t\t\t\t\t\t\t<\/div>\n\t\t","protected":false},"excerpt":{"rendered":"<p>VII F\u00f3rum Nacional do Com\u00e9rcio O VII F\u00f3rum Nacional do Com\u00e9rcio, promovido pela Confedera\u00e7\u00e3o Nacional de Dirigentes Lojistas (CNDL), acontece nos dias 21 e 22 de outubro de 2025, em Bras\u00edlia, reunindo os principais l\u00edderes empresariais, autoridades p\u00fablicas, especialistas e representantes de entidades nacionais do setor produtivo. Desde sua primeira edi\u00e7\u00e3o, em 2013, o F\u00f3rum&#8230;<\/p>\n","protected":false},"author":1,"featured_media":0,"parent":0,"menu_order":0,"comment_status":"closed","ping_status":"closed","template":"","meta":{"_uag_custom_page_level_css":"","footnotes":""},"class_list":["post-496","page","type-page","status-publish","hentry"],"uagb_featured_image_src":{"full":false,"thumbnail":false,"medium":false,"medium_large":false,"large":false,"1536x1536":false,"2048x2048":false,"eventalk-size1":false,"eventalk-size2":false,"eventalk-size3":false,"eventalk-size4":false,"eventalk-size5":false,"eventalk-size6":false,"eventalk-size7":false,"eventalk-size8":false,"eventalk-size9":false,"eventalk-size10":false,"woocommerce_thumbnail":false,"woocommerce_single":false,"woocommerce_gallery_thumbnail":false},"uagb_author_info":{"display_name":"onsize","author_link":"https:\/\/cndl.org.br\/forum\/author\/onsize\/"},"uagb_comment_info":0,"uagb_excerpt":"VII F\u00f3rum Nacional do Com\u00e9rcio O VII F\u00f3rum Nacional do Com\u00e9rcio, promovido pela Confedera\u00e7\u00e3o Nacional de Dirigentes Lojistas (CNDL), acontece nos dias 21 e 22 de outubro de 2025, em Bras\u00edlia, reunindo os principais l\u00edderes empresariais, autoridades p\u00fablicas, especialistas e representantes de entidades nacionais do setor produtivo. Desde sua primeira edi\u00e7\u00e3o, em 2013, o F\u00f3rum...","_links":{"self":[{"href":"https:\/\/cndl.org.br\/forum\/wp-json\/wp\/v2\/pages\/496"}],"collection":[{"href":"https:\/\/cndl.org.br\/forum\/wp-json\/wp\/v2\/pages"}],"about":[{"href":"https:\/\/cndl.org.br\/forum\/wp-json\/wp\/v2\/types\/page"}],"author":[{"embeddable":true,"href":"https:\/\/cndl.org.br\/forum\/wp-json\/wp\/v2\/users\/1"}],"replies":[{"embeddable":true,"href":"https:\/\/cndl.org.br\/forum\/wp-json\/wp\/v2\/comments?post=496"}],"version-history":[{"count":104,"href":"https:\/\/cndl.org.br\/forum\/wp-json\/wp\/v2\/pages\/496\/revisions"}],"predecessor-version":[{"id":5110,"href":"https:\/\/cndl.org.br\/forum\/wp-json\/wp\/v2\/pages\/496\/revisions\/5110"}],"wp:attachment":[{"href":"https:\/\/cndl.org.br\/forum\/wp-json\/wp\/v2\/media?parent=496"}],"curies":[{"name":"wp","href":"https:\/\/api.w.org\/{rel}","templated":true}]}}